-q + p*q - 20 = 0. What is the units digit of q?
4
Suppose 87 + 36 = 3*p. What is the tens digit of p?
4
Suppose -338 = -6*k - 98. What is the tens digit of k?
4
Suppose o - 44 = -2*n, 0 = -6*n + n + 2*o + 119. What is the tens digit of n?
2
Let r(n) = n - 1. Let u be r(3). Suppose -u*f + 12 = -5*s, 3*s + 24 = 2*f + s. What is the tens digit of f?
1
Let y = 221 + -99. What is the hundreds digit of y?
1
Let j be 1/(0 - -2)*8. Let k(v) = -v + 16. Let x be k(9). Suppose -x*h - 3*o = -j*h - 18, o + 30 = 3*h. What is the units digit of h?
9
Let p(d) = 2*d**3 - 7*d**2 + 4*d + 15. Let f(t) = -3*t**3 + 10*t**2 - 6*t - 23. Let o(n) = -5*f(n) - 8*p(n). What is the tens digit of o(5)?
1
Suppose -c = 4*c - 130. What is the units digit of c?
6
Suppose 0 = 2*g - 2*i + 2, 2*g + 2*i - 10 + 4 = 0. What is the units digit of g?
1
Let t = -5 - -8. Suppose -4*m + 68 = t*r, -34 = -m - 2*r - 3*r. What is the tens digit of m?
1
Let v(o) = -3*o**2. Let p(q) = q**2 - 5*q - 7. Let g be p(6). Let i be v(g). What is the units digit of (-2)/i + (-14)/(-6)?
3
Let v(o) be the second derivative of -o**3/3 - o**2 + 2*o. What is the units digit of v(-2)?
2
Let j(h) = 2*h**2 - 3*h + 2. What is the units digit of j(3)?
1
Suppose -5*v + 4*c = -194, 0*v + v - 43 = 5*c. What is the units digit of v?
8
Suppose -654 = -5*h + 146. What is the tens digit of h?
6
Let o = 5 + -1. Let z(i) = -2*i - 2. Let r be z(-2). Let s = o - r. What is the units digit of s?
2
Suppose 2*s - f = 33, -5*s - f + 108 = 29. What is the units digit of s?
6
Suppose 7*g + 15 = 2*g. Let l = 4 + -1. What is the units digit of (g/(-9))/(l/117)?
3
Let h = 35 - 75. Let c be h/12*(-6)/5. Suppose -4*s + 5*s - 13 = -m, -2*m = -c*s + 34. What is the tens digit of s?
1
Let p(n) = -n**3 + 3*n**2 + 4*n + 6. What is the units digit of p(4)?
6
What is the units digit of ((-16)/3)/(2/(-3))?
8
Suppose i - 8 = 10. Let a = 0 + 5. Suppose d = 5*u - a, 5*u + 4*d - i = 12. What is the units digit of u?
2
Let i = 95 - 54. What is the units digit of i?
1
Let t be -2*-1*3/2. What is the units digit of 18 + (0 - 9/t)?
5
Let d(c) = -c + 14. Suppose -4*z = -3*v + 25, v + 0*v + 5*z = -17. Suppose -v*u - r - 5 = 0, -4*u + r + 0 = -5. What is the units digit of d(u)?
4
Let c(g) = -g**3 - 5*g**2 + 6*g + 5. Let i be c(-6). Let v = i - 4. What is the units digit of 22 - (-3 + (v - -1))?
3
Suppose 12 + 3 = -5*i. What is the units digit of 34/10 - i/5?
4
What is the tens digit of (-21)/2*(-924)/99?
9
Let w be (1 - 0) + 6 - 3. Suppose 0 = -4*d + i + 3 - 2, 2*d + 4 = -w*i. What is the tens digit of (-4)/((-2)/6 + d)?
1
Let y = -1 - -7. What is the units digit of y?
6
What is the hundreds digit of -2 - 10/(-7) - (-1936)/7?
2
Let f(q) be the first derivative of q**4/4 - 2*q**3 - 3*q**2/2 + 8*q + 1. Let n be f(6). What is the units digit of (3 - 1)*(-15)/n?
3
Let i = 11 + -19. What is the units digit of (-1 - -2)/(i/(-224))?
8
Let j = 16 - 32. Let w = -11 - j. What is the units digit of w?
5
Let a(h) = h**3 - 7*h**2 + 14*h - 17. What is the tens digit of a(8)?
5
Let t be 2 - 3/1 - -24. Let q = t - 8. Suppose -3*o - q = -60. What is the tens digit of o?
1
What is the units digit of 18 + -1 + 27/(-9)?
4
Let y(d) = -2*d - 2. Let u be y(-3). Let p(l) = l**3 - l**2 - 6*l + 3. What is the units digit of p(u)?
7
Let t = -5 + 7. Suppose o = 5*p + 1, -o - 3 = -t*p - 4*o. Suppose 0 = -2*y - 2*n + 20, n + p*n - 1 = 0. What is the units digit of y?
9
Let p = 18 + -2. Suppose -3*g = -14 - p. Suppose -3*v + y = -g - 3, v - y = 1. What is the units digit of v?
6
Let y(b) = -b**2 + b + 4. Let s be y(-2). Let w(g) = -1. Let c(n) = -n**2 - 5*n - 7. Let u(v) = c(v) - 4*w(v). What is the units digit of u(s)?
3
Let y be (-1 - -5) + (1 - 2). Suppose -25 = -2*n - y*n. Suppose n*b + 0*b - 95 = 0. What is the units digit of b?
9
Let x(d) = d**2 + 14. Let q be x(0). Let z = q + -8. What is the units digit of z?
6
Suppose -2*b + 3 + 15 = 0. What is the units digit of 22/10*(b - 4)?
1
Suppose -4*l = -6*l + 4. Suppose d = -l*d + 9. What is the units digit of d?
3
Let s be 1/5 + (-49)/(-5). Let l be (-5)/(-1 - 4/(-2)). What is the units digit of (-38)/l + 4/s?
8
Suppose 14*v = 23*v - 2241. What is the tens digit of v?
4
Let l = -601 + 879. What is the units digit of l?
8
Suppose b - 3*b = -10. Suppose 2*k + 3*j = 82, -b*k + 96 = -j - 75. What is the tens digit of k?
3
Let n = 13 - -1. Suppose -5 = 2*y + 5*r + 3, r - n = -3*y. What is the units digit of y?
6
Suppose -5*h - 47 = -2*o, 3*h - 82 = -2*o + h. Suppose 5*v - 34 - o = 0. What is the tens digit of v?
1
Let y(i) = -i**3 + 3*i**2 + 4*i - 3. Let n be y(3). What is the units digit of 37 - 0 - n/(-3)?
0
Let u = -69 + 29. Let m = 70 + u. Let p = m + -9. What is the units digit of p?
1
Suppose 0 = -0*i + 3*i - 4*j - 13, 13 = -5*i - 2*j. Let t = i + 3. What is the units digit of t?
2
Suppose -3*h = -11 - 19. What is the tens digit of h?
1
Let a(l) = l + 2*l**2 - 6*l**2 - 3*l**3 + 2 + 2*l**3. Let x be a(-2). Let s(w) = -w**2 - 9*w. What is the units digit of s(x)?
8
Suppose -231 = -3*u - a, 0*u - 165 = -2*u + 3*a. What is the units digit of u?
8
Suppose 4*y - 4 = 2*l, 3*l - 24 + 6 = -2*y. Let p = -41 + 44. Suppose 3*m + c = p*c + 29, -3*c - 38 = -l*m. What is the tens digit of m?
1
Let s be 1/(-3) + (-4)/(-3). Let f = 0 + s. What is the units digit of f?
1
Let b = 0 + 2. Let m(l) = 18*l - 3. What is the tens digit of m(b)?
3
Let d(i) = -2*i**3 - 2*i**2 + 2*i + 1. Let w be d(-2). Suppose -w*f + 213 = 63. What is the units digit of f?
0
Let h be (3/1 - 0)/1. Suppose -c = -h*c + 112. Suppose c = 5*d + 11. What is the units digit of d?
9
Let g(z) = -z + 1. Let c be g(9). Let t = c - -10. Suppose -t*w + 0*w = -4*v + 52, -4 = 2*w. What is the tens digit of v?
1
Suppose -3*v - 119 = -2*k, -159 = 4*v + 2*k - 5*k. Let t = -23 - v. Suppose -t = -3*z + z. What is the units digit of z?
8
Let g(t) = -t + 9. Let h be g(8). What is the units digit of (-1 - -2) + h*3?
4
Let x = 1 + 2. Let o = x + -4. What is the units digit of (o/(-1))/(5/55)?
1
Let r(q) be the third derivative of q**6/24 + q**4/24 - q**2. Let g be r(1). Suppose w = -w + g. What is the units digit of w?
3
Let s(x) = -2 + 2 + 6 - x. Let w = 0 - 5. What is the units digit of s(w)?
1
Let w = -3 - -4. What is the units digit of ((0 - 15)/(-3))/w?
5
What is the units digit of -1*(-1)/((-6)/(-6))?
1
Let q be (-36)/(-10) + (-4)/(-10). Let f(l) = l + 12 - q - 5 + 12. What is the units digit of f(-8)?
7
Let w(m) = -7*m - 2. Let k(j) = -j + 4. Let p be k(5). What is the units digit of w(p)?
5
Let u(z) = -z**3 - z + 3. Let s be u(0). Suppose s*i + 7 = 85. What is the units digit of i?
6
Suppose 5*b + 5 = -10. What is the units digit of 0 - -2 - 2*b?
8
Let i(g) = g**3 - 3*g**2 - 5*g - 3. Let u be i(5). Let w = -13 + u. What is the units digit of w?
9
Let w(k) be the first derivative of k**4/4 - 5*k**3/3 - 5*k**2/2 + 7*k - 2. What is the tens digit of w(6)?
1
What is the units digit of (-50)/15 + 3 + 458/6?
6
Suppose 4*w = 5*w - 3. Suppose -4 - 4 = -i. Suppose -13 = -w*p + i. What is the units digit of p?
7
Let a = 78 - 30. What is the tens digit of a?
4
Suppose -11*f + 0*f + 484 = 0. What is the tens digit of f?
4
Let f be (0 + 1)/((-1)/(-3)). Suppose -k = -5*s + 5 - 2, -5*k = -f*s - 7. Suppose -p = -4*o + 85, -2*p + s = o - 9. What is the units digit of o?
0
Let h(f) = -f - 1. Let v be h(-6). Suppose -v*g + 4 + 6 = 0. Suppose o = -g*o + 15. What is the units digit of o?
5
Let y(u) = u**3 - u**3 - 8 + 2*u**3 - u**3 - 8*u**2 - 3*u. Let w be y(6). What is the tens digit of (-4)/(-6) - w/6?
1
Suppose -5*r = -3*r. Suppose r = -2*o + 1 + 57. What is the tens digit of o?
2
What is the tens digit of (-6)/33 + 435/33?
1
What is the units digit of 4/3 - (-8)/(-6) - -15?
5
Let s be (-6)/(0 + 6/(-4)). Let u be (14/s)/((-6)/(-36)). Let x = u - 1. What is the units digit of x?
0
Suppose -3*p - 7 + 1 = 0, 5*u = -4*p + 7. Let i(t) = -t**2 + 2*t**2 + 3*t**u - 2*t**2 - 17*t**3. What is the units digit of i(-1)?
3
Let m = -34 + 102. What is the units digit of m?
8
Let g(t) = t**2 - 3*t - 57. What is the hundreds digit of g(-15)?
2
Suppose f + 115 - 490 = 0. What is the units digit of f?
5
Let q(x) = -2*x + x**2 + 4*x + 1 - 3*x. Suppose -u - 8 = 3*u. What is the units digit of q(u)?
7
Let d = 7 - 3. Suppo